 - 36 = -3*k. What is the units digit of f?
8
Suppose 6*v = 8*v - 46. Let o be 1 + 2 + -8 + v. Suppose b - o = 19. What is the units digit of b?
7
Let y(i) = 21*i + 2776. What is the hundreds digit of y(0)?
7
Let a(d) = -12*d**2 - 12 + 12*d - 2*d**3 + 4 + d**3. Let n be a(-13). Suppose -3*v = -2*t - 42, n*v - 89 = -6*t + 3*t. What is the units digit of v?
6
Let u(w) = -w**2 + 8*w - 10. Let p be u(5). Suppose 63 + 452 = p*j. What is the tens digit of j?
0
Let y = 141 - -16. Suppose -y - 343 = -5*o. What is the hundreds digit of o?
1
Suppose 196 = 4*f + 5*h, f + 3*h + 0*h - 56 = 0. What is the units digit of f?
4
What is the tens digit of ((-206)/(-4))/(210/(-36) + 6)?
0
Let l = -478 + 689. What is the tens digit of l?
1
Let q = 478 - 284. What is the tens digit of q?
9
Let j = -7761 - -13113. What is the thousands digit of j?
5
Suppose 0 = -4*i + 9 + 23. Suppose -3*r - i = -7*r. What is the units digit of r?
2
Let o be 3/(-6)*(2 - 2). Suppose -25*q + 21*q = o. What is the tens digit of (49 - q)*5/5?
4
Let m be 19 + -5 + 2/2. Suppose -w + 2*w - m = -s, 1 = -s. Let t = w - -22. What is the units digit of t?
8
Let g(i) = 99*i**2 - i + 1. What is the tens digit of g(2)?
9
What is the units digit of 4 - 1 - (-4115 + 8/(-4))?
0
Let w(x) = 0*x + 0*x + 2*x + x. What is the tens digit of w(5)?
1
Suppose 4*q - 6*q = -10. Suppose 3*l + q*a = 4*a + 20, -4*a - 25 = -3*l. Suppose -z + 28 = l. What is the tens digit of z?
2
Suppose 4*c - 18 = -6. Suppose 4*f = -c*q + q - 44, -5*f = -2*q - 26. Let l = 32 - q. What is the units digit of l?
0
Let n(s) = -s**2 - 8*s - 4. Let z be n(-7). Suppose 5 = z*v - 4. Suppose -2 = -2*l, 2*l = -2*d + v*l + 101. What is the units digit of d?
1
Suppose -10*p + 11 + 9 = 0. Suppose v = 21 - p. What is the tens digit of v?
1
Let g be 11229/9 - 5/(-15). Suppose g = 4*z + 4*z. What is the tens digit of z?
5
Let y(z) = z + 6. Let h = -61 - -36. Let f = -15 - h. What is the tens digit of y(f)?
1
Let g(c) = 3*c - 6. Let v be g(4). Suppose 2*p + 100 = v*p. What is the tens digit of p?
2
Let a(n) = n**3 + 3*n**2 + 2*n. Let o be a(-2). Suppose 2*g - 4*l - 18 = o, -3*g + 13 + 34 = 4*l. Suppose 5*r + g - 183 = 0. What is the tens digit of r?
3
Let l be ((-3)/2 + 1)/(2/4). What is the tens digit of 2*(5/(-10))/(l/179)?
7
Let m(u) = 49*u**2 - 4*u + 1. Let l be m(-2). Suppose 9*x = l + 218. What is the tens digit of x?
4
Let h be -22*(-3)/(-8)*48. Let z be h/39 + 4/26. What is the tens digit of (-6)/4 - 205/z?
1
Let b = 6849 + -4646. What is the tens digit of b?
0
Let p(m) = -1151*m + 131. What is the hundreds digit of p(-2)?
4
Let g(d) = d**3 + 4*d**2 + 4. Let m be g(3). Suppose -161 = -3*a - p, -3*a + 5*p + 100 + m = 0. What is the units digit of a?
4
What is the units digit of 291 + (-3 - 3/3)?
7
Let o be (-3)/7 - (-30)/21. Let i(q) be the first derivative of 17*q**3/3 - q**2/2 + q - 3. What is the units digit of i(o)?
7
Suppose 0 = -6*k + 3*k. Suppose k + 9 = 3*n. Suppose -4*a + 140 = p, -a + 24 = -n*p - 11. What is the tens digit of a?
3
Suppose 194 - 794 = 4*d. Let b = d - -224. What is the units digit of b?
4
Suppose -5*y = l - 1550, 9*y = -l + 6*y + 1548. What is the thousands digit of l?
1
Suppose -57151 - 77081 = -68*y. What is the thousands digit of y?
1
Let v = -13 + 2. What is the units digit of (v/2 + -1)*-4?
6
What is the units digit of (3 - ((-156)/8 - -1))*2?
3
Suppose -3*c + 3*l = -15, -l - 1 = 1. Suppose 0 = -4*x - 5*n + 180, -x + 2*n + 180 = c*x. What is the tens digit of x?
4
Suppose -2*k - 4*d = -4, -2*d - 9 = -k + 3*d. Suppose 2*o = -0*o - 5*p + 67, o + k*p - 35 = 0. What is the tens digit of o?
3
Let r = -11 + 21. Let u(f) = 4*f + 2*f + 1 + r*f. What is the units digit of u(3)?
9
Suppose 0 = -2*f - 103*f + 438165. What is the units digit of f?
3
Let f(i) = -i - 2. Let c be f(6). What is the units digit of 1 - (-1 + (-8 - c/4))?
8
Let w = -105 + 210. Let k = w + -63. What is the units digit of k?
2
Let p be 0/(-2) - (256 + (5 - 5)). Let y = p + 485. What is the tens digit of y?
2
Let t = 1 - -1. Suppose -3*x = 3*d - 6, -d - 2*x = t*d - 3. Let r(w) = 43*w**2 + 1. What is the units digit of r(d)?
4
Let f(o) = -5*o**2 - 4*o - 4. Let r(l) = -1. Let g(x) = -f(x) - 6*r(x). What is the tens digit of g(4)?
0
Let y = 375 + -174. Let o = y - 117. Suppose 6*h - 252 - o = 0. What is the units digit of h?
6
Let l(m) = 4*m + 6 - 2*m + 7 - 22*m. What is the tens digit of l(-3)?
7
Let t(u) = u**3 - 7*u**2 + 10*u + 3. Suppose 12 - 2 = 2*n. Let d be t(n). What is the tens digit of -3 + d + 0 + 45?
4
Let d be -5 + 2 + 12/2. Let i be d - (-57)/(4 + -1). What is the units digit of 246/i + (-4)/22?
1
Let k(t) = t. Let q(d) = 12*d**2 + 3*d - 3. Let z(h) = 5*k(h) + q(h). What is the tens digit of z(3)?
2
Suppose 0 = c + 5*w - 477, -65*c = -63*c - 4*w - 898. What is the tens digit of c?
5
Let w(q) = -2*q - 34. Let j be w(-20). What is the tens digit of 995/3 - j/9?
3
Suppose -i - 3 + 22 = 5*p, -p = -4. Suppose 71 = -4*b - 5*u, -5 = u - 6*u. Let w = i - b. What is the tens digit of w?
1
Suppose 16329 = 5*b - 2*c, 7*c = -4*b + 11*c + 13056. What is the tens digit of b?
6
Let s(x) = -188*x**3 + 8*x**2 + 8*x - 8. What is the tens digit of s(-3)?
1
Suppose 18 = 4*l - 2*g, 0*g = -2*l - 5*g + 15. Let q(y) = 2*y**3 + 6*y**2 - 2*y**3 - 4 - y**3. What is the tens digit of q(l)?
2
Suppose 5*j - 2*m - 15348 = 0, 3*j - 5*m = -3*m + 9208. What is the units digit of j?
0
Suppose 3*z + 31 = 4*w, -4*w - z = -6*z - 41. Suppose o = -3*c + c + 62, 0 = w*o - 3*c - 204. What is the tens digit of o?
5
Let k be (-4)/(-6)*12/(-1). Let r(g) be the third derivative of -g**4/4 - 4*g**3 + 5*g**2. What is the tens digit of r(k)?
2
Let w = -38 + 65. Suppose -w - 43 = -5*o. What is the units digit of o?
4
Let b(z) = 4*z**2 + 27*z - 2. Let f be b(-7). Suppose 0 = f*n - 2*m - 707, 541 + 47 = 4*n + 4*m. What is the units digit of n?
3
What is the thousands digit of 8/(-92) - 1037520/(-414)?
2
Suppose 3*d - 5*z + 1987 - 7748 = 0, -5*z = -d + 1917. What is the tens digit of d?
2
Let b = 696 - 481. What is the hundreds digit of b?
2
Let f = 4708 - 2200. What is the units digit of f?
8
Suppose t + 57 = 3*s, 4*t - s + 239 = -0*s. Let o be t/4 + 1 + 2. What is the tens digit of (-18)/o - 31/(-2)?
1
Suppose -11*n + 312 = -7*n. Suppose 0 = 4*c - n + 30. What is the units digit of c?
2
Let x = -6 + 10. What is the tens digit of 790/15 + x/(-6)?
5
Suppose 0 = 4*i - 3872 + 724. What is the hundreds digit of i?
7
What is the units digit of (53764/48 - 3/36) + -2?
8
Let n(q) = -q**2 + 13*q - 13. Let f(b) = -b**3 + 7*b**2 + 9*b + 4. Let u be f(8). Let r be n(u). What is the units digit of 12 - (r + 1 + 1)?
1
Suppose -4*a - 7 = -f - 67, f = 0. Let v(k) = -3 - 4*k + a*k**2 - 7*k**2 - 5*k**2 + 5. What is the tens digit of v(3)?
1
Suppose -w = 3*g - 1463 - 821, g - 760 = w. What is the units digit of g?
1
Suppose 0 = 3*t - 3*f, 2*t - 7 = -2*f - 3*f. Let n(h) = 6*h**2 + h. Let m be n(t). Suppose 2*c - 3*d - m = -0*d, 2*c = d + 17. What is the units digit of c?
1
Let r(x) = x**2 - 8*x + 6. Let q be r(15). Suppose 5*h = -41 + q. What is the units digit of h?
4
Suppose 0 = 3*m + 5*y - 2201, -3*m = -4*m - y + 731. What is the tens digit of m?
2
Suppose 18*j = -30*j + 228192. What is the thousands digit of j?
4
Let q be (-1331)/(-44) - (-3)/4. Suppose 3*z - q + 7 = 0. What is the units digit of z?
8
Let u = -17 - -22. Suppose -u*i + 21 = -14. What is the units digit of i?
7
Suppose 0 = 32*h - 30*h - 5*v - 5691, 0 = -5*h - 4*v + 14244. What is the tens digit of h?
4
Let b(u) be the second derivative of -23*u**7/840 + u**6/360 + 7*u**3/6 - 2*u. Let f(j) be the second derivative of b(j). What is the tens digit of f(-1)?
2
Let z(n) = -3*n**3 + 11*n**2 + 3. Let i be z(6). Let s = i + 494. What is the hundreds digit of s?
2
What is the thousands digit of 17/((-51)/6) - -1047?
1
Let x(m) = m**2 - 6*m - 18. Let d be x(8). What is the tens digit of d/(3 - (-337)/(-112))?
2
Let r be (2 - 26)*(-1)/(-2). What is the units digit of (-58)/(-3)*(-18)/r?
9
Let v(c) = c**2 - 14*c - 13. Let f(w) = -w**2 - 4*w + 13. Let k be f(-7). Let l(n) = -n**3 - 7*n**2 + 7*n + 7. Let h be l(k). What is the units digit of v(h)?
2
Suppose 0*s + 6 = 2*s. Suppose 0 = 2*u - s*u + 37. What is the tens digit of u?
3
Let l(f) = 5*f**2 